{"id":338,"date":"2017-03-05T10:18:54","date_gmt":"2017-03-05T10:18:54","guid":{"rendered":"http:\/\/areasaludplasencia.es\/aspwp\/?page_id=338"},"modified":"2017-04-20T07:11:48","modified_gmt":"2017-04-20T07:11:48","slug":"protocolo-de-supervision","status":"publish","type":"page","link":"https:\/\/areasaludplasencia.es\/aspwp\/protocolo-de-supervision\/","title":{"rendered":"Protocolo de Supervisi\u00f3n"},"content":{"rendered":"<h1 style=\"color: #223650;\">Atenci\u00f3n Familiar y Comunitaria<\/h1>\n<hr style=\"border: 2px solid #588cd0;\" \/>\n<h5 style=\"margin-top: -20px; margin-bottom: 40px; text-align: right;\">Protocolo de supervisi\u00f3n<\/h5>\n<table class=\"tablasinborde\" width=\"90%\" align=\"center\">\n<tbody>\n<tr>\n<td valign=\"top\"><a class=\"aLink1\" href=\"http:\/\/www.areasaludplasencia.es\/wasp\/pdfs\/6\/624010.pdf\" target=\"_blank\"> <img src=\"http:\/\/www.areasaludplasencia.es\/wasp\/images\/verpdf2.gif\" alt=\"Ver pdf\" align=\"bottom\" border=\"0\" \/><\/a><\/td>\n<td><\/td>\n<td>Protocolo de supervisi\u00f3n de los residentes de Medicina Familiar y Comunitaria &#8211; 2016<\/td>\n<\/tr>\n<tr>\n<td valign=\"top\"><a class=\"aLink1\" href=\"http:\/\/www.areasaludplasencia.es\/wasp\/pdfs\/6\/624011.pdf\" target=\"_blank\"> <img src=\"http:\/\/www.areasaludplasencia.es\/wasp\/images\/verpdf2.gif\" alt=\"Ver pdf\" align=\"bottom\" border=\"0\" \/><\/a><\/td>\n<td><\/td>\n<td>Protocolo de supervisi\u00f3n de los residentes de Enfermer\u00eda de Atenci\u00f3n Familiar y Comunitaria &#8211; 2016<\/td>\n<\/tr>\n<\/tbody>\n<\/table>\n","protected":false},"excerpt":{"rendered":"<p>Atenci\u00f3n Familiar y Comunitaria Protocolo de supervisi\u00f3n Protocolo de supervisi\u00f3n de los residentes de Medicina Familiar y Comunitaria &#8211; 2016 Protocolo de supervisi\u00f3n de los residentes de Enfermer\u00eda de Atenci\u00f3n Familiar y Comunitaria &#8211; 2016<\/p>\n","protected":false},"author":1,"featured_media":0,"parent":0,"menu_order":0,"comment_status":"closed","ping_status":"closed","template":"","meta":{"_et_pb_use_builder":"","_et_pb_old_content":"","_et_gb_content_width":""},"_links":{"self":[{"href":"https:\/\/areasaludplasencia.es\/aspwp\/wp-json\/wp\/v2\/pages\/338"}],"collection":[{"href":"https:\/\/areasaludplasencia.es\/aspwp\/wp-json\/wp\/v2\/pages"}],"about":[{"href":"https:\/\/areasaludplasencia.es\/aspwp\/wp-json\/wp\/v2\/types\/page"}],"author":[{"embeddable":true,"href":"https:\/\/areasaludplasencia.es\/aspwp\/wp-json\/wp\/v2\/users\/1"}],"replies":[{"embeddable":true,"href":"https:\/\/areasaludplasencia.es\/aspwp\/wp-json\/wp\/v2\/comments?post=338"}],"version-history":[{"count":3,"href":"https:\/\/areasaludplasencia.es\/aspwp\/wp-json\/wp\/v2\/pages\/338\/revisions"}],"predecessor-version":[{"id":1330,"href":"https:\/\/areasaludplasencia.es\/aspwp\/wp-json\/wp\/v2\/pages\/338\/revisions\/1330"}],"wp:attachment":[{"href":"https:\/\/areasaludplasencia.es\/aspwp\/wp-json\/wp\/v2\/media?parent=338"}],"curies":[{"name":"wp","href":"https:\/\/api.w.org\/{rel}","templated":true}]}}