{"id":273,"date":"2017-03-05T09:58:00","date_gmt":"2017-03-05T09:58:00","guid":{"rendered":"http:\/\/areasaludplasencia.es\/aspwp\/?page_id=273"},"modified":"2026-03-02T13:28:21","modified_gmt":"2026-03-02T13:28:21","slug":"administracion-de-personal","status":"publish","type":"page","link":"https:\/\/areasaludplasencia.es\/aspwp\/administracion-de-personal\/","title":{"rendered":"Administraci\u00f3n de Personal"},"content":{"rendered":"<p>[et_pb_section fb_built=&#8221;1&#8243; admin_label=&#8221;section&#8221; _builder_version=&#8221;4.0.5&#8243; custom_margin=&#8221;0px||||false|false&#8221; custom_padding=&#8221;0px||35px||false|false&#8221;][et_pb_row _builder_version=&#8221;4.0.5&#8243; custom_margin=&#8221;0px||||false|false&#8221; custom_padding=&#8221;||6px||false|false&#8221;][et_pb_column type=&#8221;4_4&#8243; _builder_version=&#8221;4.0.5&#8243;][et_pb_text _builder_version=&#8221;4.0.5&#8243; text_font=&#8221;||||||||&#8221; text_text_color=&#8221;#2b5183&#8243; text_font_size=&#8221;26px&#8221; custom_margin=&#8221;||0px||false|false&#8221; border_color_all=&#8221;#588cd0&#8243; border_width_bottom=&#8221;4px&#8221; border_color_bottom=&#8221;#5992c1&#8243; border_style_bottom=&#8221;solid&#8221;]<\/p>\n<p>Administraci\u00f3n de Personal<\/p>\n<p>[\/et_pb_text][\/et_pb_column][\/et_pb_row][\/et_pb_section][et_pb_section fb_built=&#8221;1&#8243; _builder_version=&#8221;4.0.5&#8243; custom_margin=&#8221;24px|||||&#8221; custom_padding=&#8221;2px|||||&#8221;][et_pb_row column_structure=&#8221;1_2,1_2&#8243; _builder_version=&#8221;4.0.5&#8243; custom_margin=&#8221;-56px|auto||auto||&#8221;][et_pb_column type=&#8221;1_2&#8243; _builder_version=&#8221;4.0.5&#8243;][et_pb_blurb title=&#8221;SOLICITUDES&#8221; icon_placement=&#8221;left&#8221; _builder_version=&#8221;4.7.7&#8243; header_level=&#8221;h2&#8243; header_text_color=&#8221;#FFFFFF&#8221; background_color=&#8221;#76c0e0&#8243; text_orientation=&#8221;center&#8221; custom_padding=&#8221;5px||0px|0px|false|false&#8221; border_radii=&#8221;on|3px|3px|3px|3px&#8221;][\/et_pb_blurb][et_pb_button button_url=&#8221;http:\/\/www.areasaludplasencia.es\/wasp\/pdfs\/3\/319010.pdf&#8221; url_new_window=&#8221;on&#8221; button_text=&#8221;= Cambio\/Cesi\u00f3n de Turno de Atenci\u00f3n Continuada&#8221; _builder_version=&#8221;4.7.7&#8243; custom_button=&#8221;on&#8221; button_text_size=&#8221;16px&#8221; button_text_color=&#8221;#000000&#8243; button_border_width=&#8221;0px&#8221; button_icon=&#8221;%%75%%&#8221; button_icon_color=&#8221;#0c71c3&#8243; button_icon_placement=&#8221;left&#8221; button_on_hover=&#8221;off&#8221; custom_margin=&#8221;||0px||false|false&#8221;][\/et_pb_button][et_pb_button button_url=&#8221;http:\/\/www.areasaludplasencia.es\/docs\/rrhh\/ses-plasencia-solicitud-licencias-permisos-2411.pdf&#8221; url_new_window=&#8221;on&#8221; button_text=&#8221;- Permisos y Vacaciones; petici\u00f3n de d\u00edas (2024)&#8221; _builder_version=&#8221;4.7.7&#8243; custom_button=&#8221;on&#8221; button_text_size=&#8221;16px&#8221; button_text_color=&#8221;#000000&#8243; button_border_width=&#8221;0px&#8221; button_font=&#8221;||||||||&#8221; button_icon=&#8221;%%75%%&#8221; button_icon_color=&#8221;#0c71c3&#8243; button_icon_placement=&#8221;left&#8221; button_on_hover=&#8221;off&#8221; custom_margin=&#8221;||0px||false|false&#8221;][\/et_pb_button][et_pb_button button_url=&#8221;http:\/\/www.areasaludplasencia.es\/docs\/rrhh\/ses-plasencia-solicitud-compatibilidad-210315.pdf&#8221; url_new_window=&#8221;on&#8221; button_text=&#8221;= Compatibilidad para 2\u00aa Actividad&#8221; _builder_version=&#8221;4.7.7&#8243; custom_button=&#8221;on&#8221; button_text_size=&#8221;16px&#8221; button_text_color=&#8221;#000000&#8243; button_border_width=&#8221;0px&#8221; button_font=&#8221;||||||||&#8221; button_icon=&#8221;%%75%%&#8221; button_icon_color=&#8221;#0c71c3&#8243; button_icon_placement=&#8221;left&#8221; button_on_hover=&#8221;off&#8221; custom_margin=&#8221;||0px||false|false&#8221;][\/et_pb_button][et_pb_button button_url=&#8221;http:\/\/www.areasaludplasencia.es\/docs\/rrhh\/ses-plasencia-solicitud-servicios-especiales-reingreso-230421.pdf&#8221; url_new_window=&#8221;on&#8221; button_text=&#8221;= Servicios Especiales y Reingreso&#8221; _builder_version=&#8221;4.7.7&#8243; custom_button=&#8221;on&#8221; button_text_size=&#8221;16px&#8221; button_text_color=&#8221;#000000&#8243; button_border_width=&#8221;0px&#8221; button_font=&#8221;||||||||&#8221; button_icon=&#8221;%%75%%&#8221; button_icon_color=&#8221;#0c71c3&#8243; button_icon_placement=&#8221;left&#8221; button_on_hover=&#8221;off&#8221; custom_margin=&#8221;||0px||false|false&#8221;][\/et_pb_button][et_pb_button button_url=&#8221;http:\/\/www.areasaludplasencia.es\/docs\/rrhh\/ses-plasencia-solicitud-exencion-guardias-230414.pdf&#8221; url_new_window=&#8221;on&#8221; button_text=&#8221;= Exenci\u00f3n de guardias&#8221; _builder_version=&#8221;4.7.7&#8243; custom_button=&#8221;on&#8221; button_text_size=&#8221;16px&#8221; button_text_color=&#8221;#000000&#8243; button_border_width=&#8221;0px&#8221; button_font=&#8221;||||||||&#8221; button_icon=&#8221;%%75%%&#8221; button_icon_color=&#8221;#0c71c3&#8243; button_icon_placement=&#8221;left&#8221; button_on_hover=&#8221;off&#8221; custom_margin=&#8221;||0px||false|false&#8221;][\/et_pb_button][et_pb_button button_url=&#8221;http:\/\/www.areasaludplasencia.es\/docs\/rrhh\/ses-plasencia-solicitud-excedencia-reingreso-2411.pdf&#8221; url_new_window=&#8221;on&#8221; button_text=&#8221;- Excedencia y Reingreso (2024)&#8221; _builder_version=&#8221;4.7.7&#8243; custom_button=&#8221;on&#8221; button_text_size=&#8221;16px&#8221; button_text_color=&#8221;#000000&#8243; button_border_width=&#8221;0px&#8221; button_icon=&#8221;%%75%%&#8221; button_icon_color=&#8221;#0c71c3&#8243; button_icon_placement=&#8221;left&#8221; button_on_hover=&#8221;off&#8221; custom_margin=&#8221;||0px||false|false&#8221;][\/et_pb_button][et_pb_button button_url=&#8221;http:\/\/www.areasaludplasencia.es\/docs\/rrhh\/ses-plasencia-solicitud-reduccion-jornada-conciliacion-2411.pdf&#8221; url_new_window=&#8221;on&#8221; button_text=&#8221;- Reducci\u00f3n de Jornada por Conciliaci\u00f3n (2024)&#8221; _builder_version=&#8221;4.7.7&#8243; custom_button=&#8221;on&#8221; button_text_size=&#8221;16px&#8221; button_text_color=&#8221;#000000&#8243; button_border_width=&#8221;0px&#8221; button_icon=&#8221;%%75%%&#8221; button_icon_color=&#8221;#0c71c3&#8243; button_icon_placement=&#8221;left&#8221; button_on_hover=&#8221;off&#8221; custom_margin=&#8221;||0px||false|false&#8221;][\/et_pb_button][et_pb_button button_url=&#8221;http:\/\/www.areasaludplasencia.es\/docs\/rrhh\/ses-plasencia-solicitud-reduccion-jornada-particular-2411.pdf&#8221; url_new_window=&#8221;on&#8221; button_text=&#8221;- Reducci\u00f3n de Jornada por Inter\u00e9s Particular (2024)&#8221; _builder_version=&#8221;4.7.7&#8243; custom_button=&#8221;on&#8221; button_text_size=&#8221;16px&#8221; button_text_color=&#8221;#000000&#8243; button_border_width=&#8221;0px&#8221; button_icon=&#8221;%%75%%&#8221; button_icon_color=&#8221;#0c71c3&#8243; button_icon_placement=&#8221;left&#8221; button_on_hover=&#8221;off&#8221; custom_margin=&#8221;||0px||false|false&#8221;][\/et_pb_button][et_pb_button button_url=&#8221;http:\/\/www.areasaludplasencia.es\/wasp\/pdfs\/3\/319190329-2.pdf&#8221; url_new_window=&#8221;on&#8221; button_text=&#8221;? Solicitud de Asistencia Jur\u00eddica Letrada&#8221; _builder_version=&#8221;4.7.7&#8243; custom_button=&#8221;on&#8221; button_text_size=&#8221;16px&#8221; button_text_color=&#8221;#000000&#8243; button_border_width=&#8221;0px&#8221; button_icon=&#8221;%%75%%&#8221; button_icon_color=&#8221;#0c71c3&#8243; button_icon_placement=&#8221;left&#8221; button_on_hover=&#8221;off&#8221; custom_margin=&#8221;||0px||false|false&#8221;][\/et_pb_button][et_pb_button button_url=&#8221;http:\/\/www.areasaludplasencia.es\/docs\/rrhh\/ses-plasencia-solicitud-comision-servicio-2411.pdf&#8221; url_new_window=&#8221;on&#8221; button_text=&#8221;+ Solicitud de Comisi\u00f3n de Servicio&#8221; _builder_version=&#8221;4.7.7&#8243; custom_button=&#8221;on&#8221; button_text_size=&#8221;16px&#8221; button_text_color=&#8221;#000000&#8243; button_border_width=&#8221;0px&#8221; button_icon=&#8221;%%75%%&#8221; button_icon_color=&#8221;#0c71c3&#8243; button_icon_placement=&#8221;left&#8221; button_on_hover=&#8221;off&#8221; custom_margin=&#8221;||0px||false|false&#8221;][\/et_pb_button][et_pb_button button_url=&#8221;http:\/\/www.areasaludplasencia.es\/docs\/rrhh\/ses-plasencia-solicitud-permiso-lactancia-2411.pdf&#8221; url_new_window=&#8221;on&#8221; button_text=&#8221;+ Solicitud de Permiso de Lactancia&#8221; _builder_version=&#8221;4.7.7&#8243; custom_button=&#8221;on&#8221; button_text_size=&#8221;16px&#8221; button_text_color=&#8221;#000000&#8243; button_border_width=&#8221;0px&#8221; button_icon=&#8221;%%75%%&#8221; button_icon_color=&#8221;#0c71c3&#8243; button_icon_placement=&#8221;left&#8221; button_on_hover=&#8221;off&#8221; custom_margin=&#8221;||0px||false|false&#8221;][\/et_pb_button][et_pb_button button_url=&#8221;http:\/\/www.areasaludplasencia.es\/docs\/rrhh\/ses-plasencia-solicitud-permiso-sin-sueldo-2411.pdf&#8221; url_new_window=&#8221;on&#8221; button_text=&#8221;+ Solicitud de Permiso sin Sueldo&#8221; _builder_version=&#8221;4.7.7&#8243; custom_button=&#8221;on&#8221; button_text_size=&#8221;16px&#8221; button_text_color=&#8221;#000000&#8243; button_border_width=&#8221;0px&#8221; button_icon=&#8221;%%75%%&#8221; button_icon_color=&#8221;#0c71c3&#8243; button_icon_placement=&#8221;left&#8221; button_on_hover=&#8221;off&#8221; custom_margin=&#8221;||0px||false|false&#8221;][\/et_pb_button][et_pb_blurb title=&#8221;Instrucciones y Normas&#8221; icon_placement=&#8221;left&#8221; module_id=&#8221;normas&#8221; _builder_version=&#8221;4.7.7&#8243; header_level=&#8221;h2&#8243; header_text_color=&#8221;#FFFFFF&#8221; background_color=&#8221;#76c0e0&#8243; custom_margin=&#8221;30px||||false|false&#8221; custom_padding=&#8221;5px||0px|10px|false|false&#8221; border_radii=&#8221;on|3px|3px|3px|3px&#8221;][\/et_pb_blurb][et_pb_button button_url=&#8221;http:\/\/www.areasaludplasencia.es\/docs\/rrhh\/ses-plasencia-instrucciones-computo-permisos-ac-260302.pdf&#8221; url_new_window=&#8221;on&#8221; button_text=&#8221;Instrucciones sobre C\u00f3mputo de Permisos AC&#8221; _builder_version=&#8221;4.7.7&#8243; custom_button=&#8221;on&#8221; button_text_size=&#8221;17px&#8221; button_text_color=&#8221;#E02B20&#8243; button_border_width=&#8221;0px&#8221; button_border_color=&#8221;#000000&#8243; button_font=&#8221;|700|||||||&#8221; button_icon=&#8221;%%72%%&#8221; button_icon_color=&#8221;#0c71c3&#8243; button_icon_placement=&#8221;left&#8221; button_on_hover=&#8221;off&#8221; custom_margin=&#8221;||0px||false|false&#8221; hover_enabled=&#8221;0&#8243; sticky_enabled=&#8221;0&#8243;][\/et_pb_button][et_pb_button button_url=&#8221;http:\/\/www.areasaludplasencia.es\/docs\/rrhh\/ses-plasencia-instrucciones-permisos-vacaciones-250604.pdf&#8221; url_new_window=&#8221;on&#8221; button_text=&#8221;Instrucciones sobre Permisos y Vacaciones (actual)&#8221; _builder_version=&#8221;4.7.7&#8243; custom_button=&#8221;on&#8221; button_text_size=&#8221;16px&#8221; button_text_color=&#8221;#000000&#8243; button_border_width=&#8221;0px&#8221; button_border_color=&#8221;#000000&#8243; button_font=&#8221;||||||||&#8221; button_icon=&#8221;%%72%%&#8221; button_icon_color=&#8221;#0c71c3&#8243; button_icon_placement=&#8221;left&#8221; button_on_hover=&#8221;off&#8221; custom_margin=&#8221;||0px||false|false&#8221; hover_enabled=&#8221;0&#8243; sticky_enabled=&#8221;0&#8243;][\/et_pb_button][et_pb_button button_url=&#8221;http:\/\/www.areasaludplasencia.es\/docs\/rrhh\/ses-plasencia-instrucciones-permisos-vacaciones-151118.pdf&#8221; url_new_window=&#8221;on&#8221; button_text=&#8221;Instrucciones sobre Permisos y Vacaciones (2015)&#8221; _builder_version=&#8221;4.7.7&#8243; custom_button=&#8221;on&#8221; button_text_size=&#8221;16px&#8221; button_text_color=&#8221;#000000&#8243; button_border_width=&#8221;0px&#8221; button_font=&#8221;||||||||&#8221; button_icon=&#8221;%%72%%&#8221; button_icon_color=&#8221;#0c71c3&#8243; button_icon_placement=&#8221;left&#8221; button_on_hover=&#8221;off&#8221; custom_margin=&#8221;||0px|30px|false|false&#8221; hover_enabled=&#8221;0&#8243; sticky_enabled=&#8221;0&#8243;][\/et_pb_button][et_pb_button button_url=&#8221;http:\/\/www.areasaludplasencia.es\/docs\/rrhh\/ses-plasencia-instrucciones-permisos-vacaciones-130508.pdf&#8221; url_new_window=&#8221;on&#8221; button_text=&#8221;Instrucciones sobre Permisos y Vacaciones (2013)&#8221; _builder_version=&#8221;4.7.7&#8243; custom_button=&#8221;on&#8221; button_text_size=&#8221;16px&#8221; button_text_color=&#8221;#000000&#8243; button_border_width=&#8221;0px&#8221; button_font=&#8221;||||||||&#8221; button_icon=&#8221;%%72%%&#8221; button_icon_color=&#8221;#0c71c3&#8243; button_icon_placement=&#8221;left&#8221; button_on_hover=&#8221;off&#8221; custom_margin=&#8221;||0px|30px|false|false&#8221;][\/et_pb_button][et_pb_button button_url=&#8221;http:\/\/www.areasaludplasencia.es\/docs\/rrhh\/ses-plasencia-incapacidad-temporal-230505.pdf&#8221; url_new_window=&#8221;on&#8221; button_text=&#8221;Procesos de Incapacidad Temporal (mayo 2023)&#8221; _builder_version=&#8221;4.7.7&#8243; custom_button=&#8221;on&#8221; button_text_size=&#8221;16px&#8221; button_text_color=&#8221;#000000&#8243; button_border_width=&#8221;0px&#8221; button_font=&#8221;||||||||&#8221; button_icon=&#8221;%%72%%&#8221; button_icon_color=&#8221;#0c71c3&#8243; button_icon_placement=&#8221;left&#8221; button_on_hover=&#8221;off&#8221; custom_margin=&#8221;||0px||false|false&#8221;][\/et_pb_button][et_pb_button button_url=&#8221;http:\/\/www.areasaludplasencia.es\/wasp\/pdfs\/3\/319190329-1.pdf&#8221; url_new_window=&#8221;on&#8221; button_text=&#8221;Procedimiento para soliciar Asistencia Jur\u00eddica Letrada&#8221; _builder_version=&#8221;4.7.7&#8243; custom_button=&#8221;on&#8221; button_text_size=&#8221;16px&#8221; button_text_color=&#8221;#000000&#8243; button_border_width=&#8221;0px&#8221; button_icon=&#8221;%%72%%&#8221; button_icon_color=&#8221;#0c71c3&#8243; button_icon_placement=&#8221;left&#8221; button_on_hover=&#8221;off&#8221; custom_margin=&#8221;||0px||false|false&#8221;][\/et_pb_button][et_pb_divider show_divider=&#8221;off&#8221; _builder_version=&#8221;4.0.5&#8243;][\/et_pb_divider][\/et_pb_column][et_pb_column type=&#8221;1_2&#8243; _builder_version=&#8221;4.0.5&#8243;][et_pb_blurb title=&#8221;Jubilaciones&#8221; icon_placement=&#8221;left&#8221; _builder_version=&#8221;4.0.5&#8243; header_level=&#8221;h2&#8243; header_text_color=&#8221;#FFFFFF&#8221; background_color=&#8221;#76c0e0&#8243; custom_padding=&#8221;5px||0px|10px|false|false&#8221; border_radii=&#8221;on|3px|3px|3px|3px&#8221;][\/et_pb_blurb][et_pb_button button_url=&#8221;http:\/\/www.areasaludplasencia.es\/docs\/rrhh\/ses-plasencia-jubilaciones-instancia-auto-231011.pdf&#8221; url_new_window=&#8221;on&#8221; button_text=&#8221;Modelo de instancia para solicitar:&#8221; _builder_version=&#8221;4.7.7&#8243; custom_button=&#8221;on&#8221; button_text_size=&#8221;16px&#8221; button_text_color=&#8221;#000000&#8243; button_border_width=&#8221;0px&#8221; button_font=&#8221;|700|||||||&#8221; button_icon=&#8221;%%72%%&#8221; button_icon_color=&#8221;#0c71c3&#8243; button_icon_placement=&#8221;left&#8221; button_on_hover=&#8221;off&#8221; custom_margin=&#8221;||-6px||false|false&#8221; custom_padding=&#8221;||5px|||&#8221;][\/et_pb_button][et_pb_text _builder_version=&#8221;4.7.7&#8243; _module_preset=&#8221;default&#8221; custom_margin=&#8221;||19px|20px|false|false&#8221; custom_padding=&#8221;||0px|||&#8221;]<\/p>\n<ul>\n<li>Jubilaci\u00f3n Forzosa<\/li>\n<li>Jubilaci\u00f3n Voluntaria<\/li>\n<li>Prolongaci\u00f3n de Servicio Activo<\/li>\n<li>Fin de Prolongaci\u00f3n de Servicio Activo<\/li>\n<\/ul>\n<p>[\/et_pb_text][et_pb_text _builder_version=&#8221;4.7.7&#8243; _module_preset=&#8221;default&#8221; text_orientation=&#8221;justified&#8221; custom_margin=&#8221;28px|10px||25px|false|false&#8221;]<\/p>\n<p style=\"text-align: justify;\"><strong>Recomendaci\u00f3n<\/strong>: Solicitar, en todos los casos, con una antelaci\u00f3n m\u00ednima de tres meses. Registrar y dirigir a la Direcci\u00f3n de Recursos Humanos.<\/p>\n<p style=\"text-align: justify;\">La documentaci\u00f3n presentada se remitir\u00e1 a la Direcci\u00f3n General de Recursos Humanos y Asuntos Generales &#8211; Subdirecci\u00f3n de Administraci\u00f3n de Personal. El trabajador recibir\u00e1 en el domicilio indicado en la solicitud la Resoluci\u00f3n del cese de servicio activo.<\/p>\n<p>[\/et_pb_text][et_pb_blurb title=&#8221;Pacto Jornada Laboral&#8221; icon_placement=&#8221;left&#8221; _builder_version=&#8221;4.7.7&#8243; header_level=&#8221;h2&#8243; header_text_color=&#8221;#FFFFFF&#8221; background_color=&#8221;#76c0e0&#8243; custom_margin=&#8221;30px||||false|false&#8221; custom_padding=&#8221;5px||0px|10px|false|false&#8221; border_radii=&#8221;on|3px|3px|3px|3px&#8221;][\/et_pb_blurb][et_pb_button button_url=&#8221;http:\/\/doe.juntaex.es\/pdfs\/doe\/2001\/760o\/01010010.pdf&#8221; url_new_window=&#8221;on&#8221; button_text=&#8221;Pacto para la ampliaci\u00f3n de la Jornada Laboral&#8221; _builder_version=&#8221;4.7.7&#8243; custom_button=&#8221;on&#8221; button_text_size=&#8221;16px&#8221; button_text_color=&#8221;#000000&#8243; button_border_width=&#8221;0px&#8221; button_icon=&#8221;%%372%%&#8221; button_icon_color=&#8221;#0c71c3&#8243; button_icon_placement=&#8221;left&#8221; button_on_hover=&#8221;off&#8221; custom_margin=&#8221;||0px||false|false&#8221;][\/et_pb_button][\/et_pb_column][\/et_pb_row][\/et_pb_section]<\/p>\n","protected":false},"excerpt":{"rendered":"<p>[et_pb_section fb_built=&#8221;1&#8243; admin_label=&#8221;section&#8221; _builder_version=&#8221;4.0.5&#8243; custom_margin=&#8221;0px||||false|false&#8221; custom_padding=&#8221;0px||35px||false|false&#8221;][et_pb_row _builder_version=&#8221;4.0.5&#8243; custom_margin=&#8221;0px||||false|false&#8221; custom_padding=&#8221;||6px||false|false&#8221;][et_pb_column type=&#8221;4_4&#8243; _builder_version=&#8221;4.0.5&#8243;][et_pb_text _builder_version=&#8221;4.0.5&#8243; text_font=&#8221;||||||||&#8221; text_text_color=&#8221;#2b5183&#8243; text_font_size=&#8221;26px&#8221; custom_margin=&#8221;||0px||false|false&#8221; border_color_all=&#8221;#588cd0&#8243; border_width_bottom=&#8221;4px&#8221; border_color_bottom=&#8221;#5992c1&#8243; border_style_bottom=&#8221;solid&#8221;] Administraci\u00f3n de Personal [\/et_pb_text][\/et_pb_column][\/et_pb_row][\/et_pb_section][et_pb_section fb_built=&#8221;1&#8243; _builder_version=&#8221;4.0.5&#8243; custom_margin=&#8221;24px|||||&#8221; custom_padding=&#8221;2px|||||&#8221;][et_pb_row column_structure=&#8221;1_2,1_2&#8243; _builder_version=&#8221;4.0.5&#8243; custom_margin=&#8221;-56px|auto||auto||&#8221;][et_pb_column type=&#8221;1_2&#8243; _builder_version=&#8221;4.0.5&#8243;][et_pb_blurb title=&#8221;SOLICITUDES&#8221; icon_placement=&#8221;left&#8221; _builder_version=&#8221;4.7.7&#8243; header_level=&#8221;h2&#8243; header_text_color=&#8221;#FFFFFF&#8221; background_color=&#8221;#76c0e0&#8243; text_orientation=&#8221;center&#8221; custom_padding=&#8221;5px||0px|0px|false|false&#8221; border_radii=&#8221;on|3px|3px|3px|3px&#8221;][\/et_pb_blurb][et_pb_button button_url=&#8221;http:\/\/www.areasaludplasencia.es\/wasp\/pdfs\/3\/319010.pdf&#8221; url_new_window=&#8221;on&#8221; button_text=&#8221;= Cambio\/Cesi\u00f3n de Turno de Atenci\u00f3n Continuada&#8221; _builder_version=&#8221;4.7.7&#8243; custom_button=&#8221;on&#8221; button_text_size=&#8221;16px&#8221; button_text_color=&#8221;#000000&#8243; &hellip; <a href=\"https:\/\/areasaludplasencia.es\/aspwp\/administracion-de-personal\/\" class=\"more-link\">Seguir leyendo <span class=\"screen-reader-text\">Administraci\u00f3n de Personal<\/span> <span class=\"meta-nav\">&rarr;<\/span><\/a><\/p>\n","protected":false},"author":1,"featured_media":0,"parent":0,"menu_order":0,"comment_status":"closed","ping_status":"closed","template":"page-templates\/full-width.php","meta":{"_et_pb_use_builder":"on","_et_pb_old_content":"<h1 id=\"tituloPpal\">Administraci\u00f3n de Personal<\/h1>\r\n\r\n<hr style=\"border: 2px solid #588cd0;\" \/>\r\n\r\n<div id=\"base\">\r\n<div id=\"columna1\" style=\"width: 47%; position: relative; float: left; text-align: justify; margin-bottom:20%;\">\r\n<h3 style=\"margin-top: 20px; width: 100%;\">Cambio de turnos<\/h3>\r\n<ul style=\"list-style-type: none;\">\r\n \t<li><a href=\"http:\/\/www.areasaludplasencia.es\/wasp\/pdfs\/3\/319010.pdf\" target=\"blank\" rel=\"noopener noreferrer\"><img src=\"http:\/\/areasaludplasencia.es\/aspwp\/wp-content\/uploads\/2017\/03\/verpdf2.gif\" \/><\/a>   Cambio\/Cesi\u00f3n de turno de Atenci\u00f3n Continuada (editable)\r\n<\/li>\r\n<\/ul>\r\n\r\n<h3 style=\"margin-top: 20px; width: 100%;\">Permisos y Vacaciones<\/h3>\r\n\r\n<ul style=\"list-style-type: none;\">\r\n \t<li><a href=\"http:\/\/www.areasaludplasencia.es\/wasp\/pdfs\/3\/319011.pdf\" target=\"blank\" rel=\"noopener noreferrer\"><img src=\"http:\/\/areasaludplasencia.es\/aspwp\/wp-content\/uploads\/2017\/03\/verpdf2.gif\" \/><\/a>  <span style=\"color:#CC0000\">Nuevas instrucciones sobre Permisos y Vacaciones<br>(abr 2017)<\/span><\/li>\r\n\r\n\r\n \t<li><a href=\"http:\/\/www.areasaludplasencia.es\/wasp\/pdfs\/3\/319001n.pdf\" target=\"blank\" rel=\"noopener noreferrer\"><img src=\"http:\/\/areasaludplasencia.es\/aspwp\/wp-content\/uploads\/2017\/03\/verpdf2.gif\" \/><\/a>  Instrucciones sobre Permisos y Vacaciones (nov 2015)<\/li>\r\n\r\n \t<li><a href=\"http:\/\/www.areasaludplasencia.es\/wasp\/pdfs\/3\/319001.pdf\" target=\"blank\" rel=\"noopener noreferrer\"><img src=\"http:\/\/areasaludplasencia.es\/aspwp\/wp-content\/uploads\/2017\/03\/verpdf2.gif\" \/><\/a>  Instrucciones sobre Permisos y Vacaciones (mayo 2013)<\/li>\r\n\r\n \t<li><a href=\"http:\/\/www.areasaludplasencia.es\/wasp\/pdfs\/3\/319002.pdf\" target=\"blank\" rel=\"noopener noreferrer\"><img src=\"http:\/\/areasaludplasencia.es\/aspwp\/wp-content\/uploads\/2017\/03\/verpdf2.gif\" \/><\/a>  Modelo de solicitud de d\u00edas - Plasencia<\/li>\r\n\r\n \t<li><a href=\"http:\/\/www.areasaludplasencia.es\/wasp\/pdfs\/3\/319006.pdf\" target=\"blank\" rel=\"noopener noreferrer\"><img src=\"http:\/\/areasaludplasencia.es\/aspwp\/wp-content\/uploads\/2017\/03\/verpdf2.gif\" \/><\/a>  Instrucciones de la Secretar\u00eda General del 26-dic-2013<\/li>\r\n\r\n \t<li><a href=\"http:\/\/www.areasaludplasencia.es\/wasp\/pdfs\/3\/319007.pdf\" target=\"blank\" rel=\"noopener noreferrer\"><img src=\"http:\/\/areasaludplasencia.es\/aspwp\/wp-content\/uploads\/2017\/03\/verpdf2.gif\" \/><\/a>  Resoluci\u00f3n de la Secretar\u00eda General del 11-mar-2014<\/li>\r\n\r\n \t<li><a href=\"http:\/\/www.areasaludplasencia.es\/wasp\/pdfs\/3\/319008.pdf\" target=\"blank\" rel=\"noopener noreferrer\"><img src=\"http:\/\/areasaludplasencia.es\/aspwp\/wp-content\/uploads\/2017\/03\/verpdf2.gif\" \/><\/a>  Resoluci\u00f3n de la Secretar\u00eda General del 10-oct-2014<\/li>\r\n\r\n<\/ul>\r\n\r\n<h3 style=\"margin-top: 20px; width: 100%;\">Pacto Jornada Laboral<\/h3>\r\n\r\n<ul style=\"list-style-type: none;\">\r\n \t<li><a href=\"http:\/\/www.areasaludplasencia.es\/wasp\/pdfs\/3\/319003.pdf\" target=\"blank\" rel=\"noopener noreferrer\"><img src=\"http:\/\/areasaludplasencia.es\/aspwp\/wp-content\/uploads\/2017\/03\/verpdf2.gif\" \/><\/a>  Pacto para la ampliaci\u00f3n de la Jornada Laboral<\/li>\r\n<\/ul>\r\n\r\n<\/div>\r\n\r\n\r\n<div id=\"columna2\" style=\"position: relative; width: 47%; float: right; text-align: justify;\">\r\n<h3 style=\"margin-top:20px;\">Jubilaciones<\/h3>\r\n\r\n<h4><span style=\"color: #2b5183;\"><u>Tr\u00e1mite Jubilaci\u00f3n Forzosa<\/u><\/span><\/h4>\r\n<ul style=\"list-style-type: none;\">\r\n \t<li><a href=\"http:\/\/www.areasaludplasencia.es\/wasp\/pdfs\/3\/319004.pdf\" target=\"blank\" rel=\"noopener noreferrer\"><img src=\"http:\/\/areasaludplasencia.es\/aspwp\/wp-content\/uploads\/2017\/03\/verpdf2.gif\" \/><\/a>  Anexo II<\/li>\r\n<li>  - Informe Vida laboral, expedido por la Tesorer\u00eda General de la Seguridad Social<\/li>\r\n<\/ul>\r\n\r\n<h4><span style=\"color: #2b5183;\"><u>Tr\u00e1mite Jubilaci\u00f3n Voluntaria<\/u><\/span><\/h4>\r\n<ul style=\"list-style-type: none;\">\r\n \t<li><a href=\"http:\/\/www.areasaludplasencia.es\/wasp\/pdfs\/3\/319004.pdf\" target=\"blank\" rel=\"noopener noreferrer\"><img src=\"http:\/\/areasaludplasencia.es\/aspwp\/wp-content\/uploads\/2017\/03\/verpdf2.gif\" \/><\/a>  Anexo II<\/li>\r\n<li>  - Informe Vida laboral, expedido por la Tesorer\u00eda General de la Seguridad Social<\/li>\r\n<li>  - Acreditar los requisitos y condiciones establecidos en el R\u00e9gimen de la Seguridad Social para acceder a la jubilaci\u00f3n, expedido por el Instituto Nacional de la Seguridad Social<\/li>\r\n<\/ul>\r\n\r\n<h4><span style=\"color: #2b5183;\"><u>Prolongaci\u00f3n Servicio Activo<\/u><\/span><\/h4>\r\n<ul style=\"list-style-type: none;\">\r\n \t<li><a href=\"http:\/\/www.areasaludplasencia.es\/wasp\/pdfs\/3\/319005.pdf\" target=\"blank\" rel=\"noopener noreferrer\"><img src=\"http:\/\/areasaludplasencia.es\/aspwp\/wp-content\/uploads\/2017\/03\/verpdf2.gif\" \/><\/a>  Anexo IV<\/li>\r\n<li>  - Informe Vida laboral, expedido por la Tesorer\u00eda General de la Seguridad Social<\/li>\r\n<li>  - Certificado m\u00e9dico acreditativo de la capacidad funcional, expedido por la Unidad B\u00e1sica de Prevenci\u00f3n de Riesgos Laborales<\/li>\r\n<\/ul>\r\n\r\nRecomendaci\u00f3n: Solicitar, en todos los casos, con una antelaci\u00f3n m\u00ednima de tres meses. Registrar y dirigir a la Direcci\u00f3n de RR.HH.\r\n<br>\r\nLa documentaci\u00f3n presentada se cursar\u00e1 a la Secretar\u00eda General - Subdirecci\u00f3n de Administraci\u00f3n de Personal. El trabajador recibir\u00e1 en el domicilio indicado en la solicitud, Resoluci\u00f3n del cese activo.\r\n\r\n\r\n\r\n<\/div>\r\n\r\n\r\n<\/div>\r\n\r\n\r\n","_et_gb_content_width":""},"_links":{"self":[{"href":"https:\/\/areasaludplasencia.es\/aspwp\/wp-json\/wp\/v2\/pages\/273"}],"collection":[{"href":"https:\/\/areasaludplasencia.es\/aspwp\/wp-json\/wp\/v2\/pages"}],"about":[{"href":"https:\/\/areasaludplasencia.es\/aspwp\/wp-json\/wp\/v2\/types\/page"}],"author":[{"embeddable":true,"href":"https:\/\/areasaludplasencia.es\/aspwp\/wp-json\/wp\/v2\/users\/1"}],"replies":[{"embeddable":true,"href":"https:\/\/areasaludplasencia.es\/aspwp\/wp-json\/wp\/v2\/comments?post=273"}],"version-history":[{"count":82,"href":"https:\/\/areasaludplasencia.es\/aspwp\/wp-json\/wp\/v2\/pages\/273\/revisions"}],"predecessor-version":[{"id":5983,"href":"https:\/\/areasaludplasencia.es\/aspwp\/wp-json\/wp\/v2\/pages\/273\/revisions\/5983"}],"wp:attachment":[{"href":"https:\/\/areasaludplasencia.es\/aspwp\/wp-json\/wp\/v2\/media?parent=273"}],"curies":[{"name":"wp","href":"https:\/\/api.w.org\/{rel}","templated":true}]}}