{"id":233,"date":"2017-03-05T09:43:48","date_gmt":"2017-03-05T09:43:48","guid":{"rendered":"http:\/\/areasaludplasencia.es\/aspwp\/?page_id=233"},"modified":"2020-03-06T09:04:36","modified_gmt":"2020-03-06T09:04:36","slug":"piscinas","status":"publish","type":"page","link":"https:\/\/areasaludplasencia.es\/aspwp\/piscinas\/","title":{"rendered":"Piscinas"},"content":{"rendered":"<p>[et_pb_section fb_built=&#8221;1&#8243; admin_label=&#8221;section&#8221; _builder_version=&#8221;4.0.5&#8243; custom_margin=&#8221;0px||||false|false&#8221; custom_padding=&#8221;0px||35px||false|false&#8221;][et_pb_row _builder_version=&#8221;4.0.5&#8243; custom_margin=&#8221;-25px|auto||auto|false|false&#8221; custom_padding=&#8221;||||false|false&#8221;][et_pb_column type=&#8221;4_4&#8243; _builder_version=&#8221;4.0.5&#8243;][et_pb_text _builder_version=&#8221;4.0.5&#8243; text_font=&#8221;||||||||&#8221; text_text_color=&#8221;#2b5183&#8243; text_font_size=&#8221;26px&#8221; custom_margin=&#8221;||0px||false|false&#8221; hover_enabled=&#8221;0&#8243; border_color_all=&#8221;#588cd0&#8243; border_width_bottom=&#8221;4px&#8221; border_color_bottom=&#8221;#5992c1&#8243; border_style_bottom=&#8221;solid&#8221;]<\/p>\n<p>Piscinas<\/p>\n<p>[\/et_pb_text][\/et_pb_column][\/et_pb_row][\/et_pb_section][et_pb_section fb_built=&#8221;1&#8243; _builder_version=&#8221;4.0.5&#8243; custom_padding=&#8221;0px|||||&#8221;][et_pb_row _builder_version=&#8221;4.0.5&#8243; column_structure=&#8221;1_2,1_2&#8243; custom_margin=&#8221;-13px|auto||auto||&#8221; min_height=&#8221;92px&#8221; custom_padding=&#8221;0px|||||&#8221;][et_pb_column _builder_version=&#8221;4.0.5&#8243; type=&#8221;1_2&#8243;][et_pb_text _builder_version=&#8221;4.0.5&#8243; header_3_font=&#8221;||||||||&#8221; header_3_text_color=&#8221;#FFFFFF&#8221; background_color=&#8221;#76c0e0&#8243; custom_margin=&#8221;0px||||false|false&#8221; custom_padding=&#8221;7px||0px||false|false&#8221; hover_enabled=&#8221;0&#8243; border_radii=&#8221;on|3px|3px|3px|3px&#8221;]<\/p>\n<h3 style=\"text-align: center;\">Legislaci\u00f3n<\/h3>\n<p>[\/et_pb_text][et_pb_button button_url=&#8221;http:\/\/doe.juntaex.es\/pdfs\/doe\/2015\/1520o\/15040273.pdf&#8221; url_new_window=&#8221;on&#8221; button_text=&#8221;DECRETO 254\/2015, de 31 de julio, por el que se modifica el Decreto 102\/2012, de 8 de junio, por el que se regulan las condiciones t\u00e9cnico-sanitarias de las piscinas de uso colectivo de la Comunidad Aut\u00f3noma de Extremadura.&#8221; _builder_version=&#8221;4.0.5&#8243; custom_button=&#8221;on&#8221; button_text_size=&#8221;16px&#8221; button_text_color=&#8221;#000000&#8243; button_border_width=&#8221;0px&#8221; button_icon=&#8221;%%372%%&#8221; button_icon_color=&#8221;#0c71c3&#8243; button_icon_placement=&#8221;left&#8221; button_on_hover=&#8221;off&#8221; custom_margin=&#8221;||0px||false|false&#8221; hover_enabled=&#8221;0&#8243;][\/et_pb_button][et_pb_button button_url=&#8221;http:\/\/doe.juntaex.es\/pdfs\/doe\/2012\/1120o\/12040112.pdf&#8221; url_new_window=&#8221;on&#8221; button_text=&#8221;DECRETO 102\/2012, de 8 de junio, por el que se regulan las condiciones t\u00e9cnico-sanitarias de las piscinas de uso colectivo de la Comunidad Aut\u00f3noma de Extremadura.&#8221; _builder_version=&#8221;4.0.5&#8243; custom_button=&#8221;on&#8221; button_text_size=&#8221;16px&#8221; button_text_color=&#8221;#000000&#8243; button_border_width=&#8221;0px&#8221; button_icon=&#8221;%%372%%&#8221; button_icon_color=&#8221;#0c71c3&#8243; button_icon_placement=&#8221;left&#8221; button_on_hover=&#8221;off&#8221; custom_margin=&#8221;||0px||false|false&#8221; hover_enabled=&#8221;0&#8243;][\/et_pb_button][et_pb_button button_url=&#8221;http:\/\/doe.juntaex.es\/pdfs\/doe\/2014\/1270o\/14061369.pdf&#8221; url_new_window=&#8221;on&#8221; button_text=&#8221;RESOLUCI\u00d3N de 16 de junio de 2014, del Consejero, por la que se da publicidad a la Instrucci\u00f3n n\u00ba 1\/2014, de 9 de junio, de la Direcci\u00f3n General de Salud P\u00fablica, encaminada a aclarar determinados aspectos relativos a la aplicaci\u00f3n de la normativa vigente en materia de piscinas de la Comunidad Aut\u00f3noma de Extremadura.&#8221; _builder_version=&#8221;4.0.5&#8243; custom_button=&#8221;on&#8221; button_text_size=&#8221;16px&#8221; button_text_color=&#8221;#000000&#8243; button_border_width=&#8221;0px&#8221; button_icon=&#8221;%%372%%&#8221; button_icon_color=&#8221;#0c71c3&#8243; button_icon_placement=&#8221;left&#8221; button_on_hover=&#8221;off&#8221; custom_margin=&#8221;||0px||false|false&#8221; hover_enabled=&#8221;0&#8243;][\/et_pb_button][et_pb_button button_url=&#8221;https:\/\/www.boe.es\/boe\/dias\/2013\/10\/11\/pdfs\/BOE-A-2013-10580.pdf&#8221; url_new_window=&#8221;on&#8221; button_text=&#8221;Real Decreto 742\/2013, de 27 de septiembre, por el que se establecen los criterios t\u00e9cnico-sanitarios de las piscinas.&#8221; _builder_version=&#8221;4.0.5&#8243; custom_button=&#8221;on&#8221; button_text_size=&#8221;16px&#8221; button_text_color=&#8221;#000000&#8243; button_border_width=&#8221;0px&#8221; button_icon=&#8221;%%372%%&#8221; button_icon_color=&#8221;#0c71c3&#8243; button_icon_placement=&#8221;left&#8221; button_on_hover=&#8221;off&#8221; custom_margin=&#8221;||0px||false|false&#8221; hover_enabled=&#8221;0&#8243;][\/et_pb_button][\/et_pb_column][et_pb_column _builder_version=&#8221;4.0.5&#8243; type=&#8221;1_2&#8243;][et_pb_text _builder_version=&#8221;4.0.5&#8243; header_3_font=&#8221;||||||||&#8221; header_3_text_color=&#8221;#FFFFFF&#8221; background_color=&#8221;#76c0e0&#8243; custom_margin=&#8221;0px||||false|false&#8221; custom_padding=&#8221;7px||0px||false|false&#8221; hover_enabled=&#8221;0&#8243; border_radii=&#8221;on|3px|3px|3px|3px&#8221;]<\/p>\n<h3 style=\"text-align: center;\">Registros\/Solicitud Establecimiento<\/h3>\n<p>[\/et_pb_text][et_pb_button button_url=&#8221;http:\/\/www.areasaludplasencia.es\/docs\/saludpublica\/ses-plasencia-registro-piscinas-uso-colectivo.pdf&#8221; url_new_window=&#8221;on&#8221; button_text=&#8221;Registro de piscinas de uso colectivo.&#8221; _builder_version=&#8221;4.0.5&#8243; custom_button=&#8221;on&#8221; button_text_size=&#8221;16px&#8221; button_text_color=&#8221;#000000&#8243; button_border_width=&#8221;0px&#8221; button_icon=&#8221;%%360%%&#8221; button_icon_color=&#8221;#0c71c3&#8243; button_icon_placement=&#8221;left&#8221; button_on_hover=&#8221;off&#8221; custom_margin=&#8221;||0px||false|false&#8221; hover_enabled=&#8221;0&#8243;][\/et_pb_button][\/et_pb_column][\/et_pb_row][\/et_pb_section]<\/p>\n","protected":false},"excerpt":{"rendered":"<p>[et_pb_section fb_built=&#8221;1&#8243; admin_label=&#8221;section&#8221; _builder_version=&#8221;4.0.5&#8243; custom_margin=&#8221;0px||||false|false&#8221; custom_padding=&#8221;0px||35px||false|false&#8221;][et_pb_row _builder_version=&#8221;4.0.5&#8243; custom_margin=&#8221;-25px|auto||auto|false|false&#8221; custom_padding=&#8221;||||false|false&#8221;][et_pb_column type=&#8221;4_4&#8243; _builder_version=&#8221;4.0.5&#8243;][et_pb_text _builder_version=&#8221;4.0.5&#8243; text_font=&#8221;||||||||&#8221; text_text_color=&#8221;#2b5183&#8243; text_font_size=&#8221;26px&#8221; custom_margin=&#8221;||0px||false|false&#8221; hover_enabled=&#8221;0&#8243; border_color_all=&#8221;#588cd0&#8243; border_width_bottom=&#8221;4px&#8221; border_color_bottom=&#8221;#5992c1&#8243; border_style_bottom=&#8221;solid&#8221;] Piscinas [\/et_pb_text][\/et_pb_column][\/et_pb_row][\/et_pb_section][et_pb_section fb_built=&#8221;1&#8243; _builder_version=&#8221;4.0.5&#8243; custom_padding=&#8221;0px|||||&#8221;][et_pb_row _builder_version=&#8221;4.0.5&#8243; column_structure=&#8221;1_2,1_2&#8243; custom_margin=&#8221;-13px|auto||auto||&#8221; min_height=&#8221;92px&#8221; custom_padding=&#8221;0px|||||&#8221;][et_pb_column _builder_version=&#8221;4.0.5&#8243; type=&#8221;1_2&#8243;][et_pb_text _builder_version=&#8221;4.0.5&#8243; header_3_font=&#8221;||||||||&#8221; header_3_text_color=&#8221;#FFFFFF&#8221; background_color=&#8221;#76c0e0&#8243; custom_margin=&#8221;0px||||false|false&#8221; custom_padding=&#8221;7px||0px||false|false&#8221; hover_enabled=&#8221;0&#8243; border_radii=&#8221;on|3px|3px|3px|3px&#8221;] Legislaci\u00f3n [\/et_pb_text][et_pb_button button_url=&#8221;http:\/\/doe.juntaex.es\/pdfs\/doe\/2015\/1520o\/15040273.pdf&#8221; url_new_window=&#8221;on&#8221; button_text=&#8221;DECRETO 254\/2015, de 31 de julio, por el que se &hellip; <a href=\"https:\/\/areasaludplasencia.es\/aspwp\/piscinas\/\" class=\"more-link\">Seguir leyendo <span class=\"screen-reader-text\">Piscinas<\/span> <span class=\"meta-nav\">&rarr;<\/span><\/a><\/p>\n","protected":false},"author":1,"featured_media":0,"parent":0,"menu_order":0,"comment_status":"closed","ping_status":"closed","template":"page-templates\/full-width.php","meta":{"_et_pb_use_builder":"on","_et_pb_old_content":"<h1 style=\"color: #223650;\">Piscinas<\/h1>\n\n<hr style=\"border: 2px solid #588cd0;\">\n\n<h3>Carn\u00e9 de mantenimiento de piscinas<\/h3>\n<table class=\"tablasinborde\" width=\"100%\">\n<tbody>\n<tr>\n<td align=\"center\" valign=\"top\" width=\"5%\"><a class=\"aLink1\" href=\"http:\/\/www.areasaludplasencia.es\/wasp\/pdfs\/2\/249001.pdf\" target=\"_blank\" rel=\"noopener noreferrer\"> <img src=\"http:\/\/www.areasaludplasencia.es\/wasp\/images\/verpdf2.gif\" alt=\"Ver pdf\" align=\"bottom\" border=\"0\"><\/a><\/td>\n<td>Autorizaci\u00f3n de cursos a empresas de formaci\u00f3n<\/td>\n<\/tr>\n<\/tbody>\n<\/table>\n<h3>Legislaci\u00f3n<\/h3>\n<table class=\"tablasinborde\" width=\"100%\">\n<tbody>\n<tr>\n<td align=\"center\" valign=\"top\" width=\"5%\"><a class=\"aLink1\" href=\"http:\/\/doe.juntaex.es\/pdfs\/doe\/2004\/430O\/04040042.pdf\" target=\"_blank\" rel=\"noopener noreferrer\"> <img src=\"http:\/\/www.areasaludplasencia.es\/wasp\/images\/verdoe2.gif\" alt=\"Ver pdf\" align=\"bottom\" border=\"0\"><\/a><\/td>\n<td>DECRETO 38\/2004, de 5 de abril, por el que se modifica el\nDecreto 54\/2002, de 30 de abril, por el que se aprueba el\nReglamento Sanitario de Piscinas de uso colectivo de la\nComunidad Aut\u00f3noma de Extremadura<\/td>\n<\/tr>\n<tr>\n<td align=\"center\" valign=\"top\" width=\"10%\"><a class=\"aLink1\" href=\"http:\/\/doe.juntaex.es\/pdfs\/doe\/2002\/520O\/02040062.pdf\" target=\"_blank\" rel=\"noopener noreferrer\"> <img src=\"http:\/\/www.areasaludplasencia.es\/wasp\/images\/verdoe2.gif\" alt=\"Ver pdf\" align=\"bottom\" border=\"0\"><\/a><\/td>\n<td>DECRETO 54\/2002, de 30 de abril, por el que se aprueba el\nReglamento Sanitario de Piscinas de uso colectivo de la\nComunidad Aut\u00f3noma de Extremadura<\/td>\n<\/tr>\n<tr>\n<td align=\"center\" valign=\"top\" width=\"10%\"><a class=\"aLink1\" href=\"http:\/\/doe.juntaex.es\/pdfs\/doe\/2002\/790O\/02050377.pdf\" target=\"_blank\" rel=\"noopener noreferrer\"> <img src=\"http:\/\/www.areasaludplasencia.es\/wasp\/images\/verdoe2.gif\" alt=\"Ver pdf\" align=\"bottom\" border=\"0\"><\/a><\/td>\n<td>ORDEN de 24 de junio de 2002, por la que se aprueba el modelo\nde solicitud de inscripci\u00f3n en el registro de piscinas de uso\ncolectivo de Extremadura, el modelo de Libro Oficial de\nRegistro de Piscinas, se regula la dotaci\u00f3n m\u00ednima de los\nbotiquines de urgencia as\u00ed como los modelos de partes de\nasistencia sanitaria o de derivaci\u00f3n a centros sanitarios y\nel Registro de Asistencias Sanitarias<\/td>\n<\/tr>\n<\/tbody>\n<\/table>\n<h3>Registros<\/h3>\n<table class=\"tablasinborde\" width=\"100%\">\n<tbody>\n<tr>\n<td align=\"center\" valign=\"top\" width=\"10%\"><a class=\"aLink1\" href=\"http:\/\/www.areasaludplasencia.es\/wasp\/pdfs\/2\/249002.pdf\" target=\"_blank\" rel=\"noopener noreferrer\"> <img src=\"http:\/\/www.areasaludplasencia.es\/wasp\/images\/verpdf2.gif\" alt=\"Ver pdf\" align=\"bottom\" border=\"0\"><\/a><\/td>\n<td>Documentaci\u00f3n registro establecimientos y empresas<\/td>\n<\/tr>\n<tr>\n<td align=\"center\" valign=\"top\" width=\"10%\"><a class=\"aLink1\" href=\"http:\/\/www.areasaludplasencia.es\/wasp\/pdfs\/2\/249003.pdf\" target=\"_blank\" rel=\"noopener noreferrer\"> <img src=\"http:\/\/www.areasaludplasencia.es\/wasp\/images\/verpdf2.gif\" alt=\"Ver pdf\" align=\"bottom\" border=\"0\"><\/a><\/td>\n<td>Solicitud empresas<\/td>\n<\/tr>\n<tr>\n<td align=\"center\" valign=\"top\" width=\"10%\"><a class=\"aLink1\" href=\"http:\/\/www.areasaludplasencia.es\/wasp\/pdfs\/2\/249004.pdf\" target=\"_blank\" rel=\"noopener noreferrer\"> <img src=\"http:\/\/www.areasaludplasencia.es\/wasp\/images\/verpdf2.gif\" alt=\"Ver pdf\" align=\"bottom\" border=\"0\"><\/a><\/td>\n<td>Solicitud establecimientos<\/td>\n<\/tr>\n<\/tbody>\n<\/table>","_et_gb_content_width":""},"_links":{"self":[{"href":"https:\/\/areasaludplasencia.es\/aspwp\/wp-json\/wp\/v2\/pages\/233"}],"collection":[{"href":"https:\/\/areasaludplasencia.es\/aspwp\/wp-json\/wp\/v2\/pages"}],"about":[{"href":"https:\/\/areasaludplasencia.es\/aspwp\/wp-json\/wp\/v2\/types\/page"}],"author":[{"embeddable":true,"href":"https:\/\/areasaludplasencia.es\/aspwp\/wp-json\/wp\/v2\/users\/1"}],"replies":[{"embeddable":true,"href":"https:\/\/areasaludplasencia.es\/aspwp\/wp-json\/wp\/v2\/comments?post=233"}],"version-history":[{"count":10,"href":"https:\/\/areasaludplasencia.es\/aspwp\/wp-json\/wp\/v2\/pages\/233\/revisions"}],"predecessor-version":[{"id":3152,"href":"https:\/\/areasaludplasencia.es\/aspwp\/wp-json\/wp\/v2\/pages\/233\/revisions\/3152"}],"wp:attachment":[{"href":"https:\/\/areasaludplasencia.es\/aspwp\/wp-json\/wp\/v2\/media?parent=233"}],"curies":[{"name":"wp","href":"https:\/\/api.w.org\/{rel}","templated":true}]}}